{"id":70,"date":"2015-08-18T10:57:19","date_gmt":"2015-08-18T10:57:19","guid":{"rendered":"http:\/\/abettraconsulting.es\/?page_id=70"},"modified":"2023-08-03T01:10:02","modified_gmt":"2023-08-03T01:10:02","slug":"contacto","status":"publish","type":"page","link":"https:\/\/abettraconsulting.es\/?page_id=70","title":{"rendered":"CONTACTO"},"content":{"rendered":"<p><a href=\"http:\/\/abettraconsulting.es\/wp-content\/uploads\/2015\/08\/Logo_Abettra.jpg\"><img decoding=\"async\" loading=\"lazy\" class=\"size-medium wp-image-96 alignnone\" src=\"http:\/\/abettraconsulting.es\/wp-content\/uploads\/2015\/08\/Logo_Abettra-300x104.jpg\" alt=\"Logo_Abettra\" width=\"300\" height=\"104\" srcset=\"https:\/\/abettraconsulting.es\/wp-content\/uploads\/2015\/08\/Logo_Abettra-300x104.jpg 300w, https:\/\/abettraconsulting.es\/wp-content\/uploads\/2015\/08\/Logo_Abettra.jpg 448w\" sizes=\"(max-width: 300px) 100vw, 300px\" \/><\/a><\/p>\n<p style=\"text-align: left;\"><strong>ABETTRA Consulting<\/strong>, est\u00e1 ubicada en Sant Cugat del Vall\u00e8s (Barcelona), pero presta sus servicios por todo el territorio nacional.<\/p>\n<p><strong>jlrodriguez@abettraconsulting.es<\/strong><\/p>\n<p><!-- \/wp:paragraph --><\/p>\n<p><!-- wp:image {\"id\":285,\"align\":\"center\",\"width\":211,\"height\":211} --><\/p>\n<div class=\"wp-block-image\">\n<figure class=\"aligncenter is-resized\"><img decoding=\"async\" loading=\"lazy\" class=\"wp-image-285\" src=\"https:\/\/abettraconsulting.es\/wp-content\/uploads\/2020\/07\/foto_400x400px-2.jpg\" alt=\"\" width=\"211\" height=\"211\" srcset=\"https:\/\/abettraconsulting.es\/wp-content\/uploads\/2020\/07\/foto_400x400px-2.jpg 400w, https:\/\/abettraconsulting.es\/wp-content\/uploads\/2020\/07\/foto_400x400px-2-150x150.jpg 150w, https:\/\/abettraconsulting.es\/wp-content\/uploads\/2020\/07\/foto_400x400px-2-300x300.jpg 300w\" sizes=\"(max-width: 211px) 100vw, 211px\" \/>\n<figcaption>Jos\u00e9 Luis Rodr\u00edguez Espantoso<\/figcaption>\n<\/figure>\n<\/div>\n<p><!-- \/wp:image --><\/p>\n<p><!-- wp:paragraph --><\/p>\n<p><strong>Algo sobre mi:<br \/><\/strong><\/p>\n<p>Me considero un amante de la mejora continua, del progreso sostenible y del potencial del ser humano.<\/p>\n<p>En cuanto a mi formaci\u00f3n, soy M\u00e1ster Universitario en Ingenier\u00eda de Organizaci\u00f3n y Graduado e Ingeniero t\u00e9cnico industrial, en la especialidad el\u00e9ctrica.<\/p>\n<p><strong>\u00bfC\u00f3mo comenc\u00e9 mi carrera como consultor?<\/strong><\/p>\n<p>Trabajando en una empresa de ingenier\u00eda-instaladora, me confiaron la tarea de desarrollar el departamento de ingenier\u00eda, y me convert\u00ed en lo que se conoce como intraemprendedor. Con la crisis del 2008, la empresa cerr\u00f3 en 2011, y es cuando me decid\u00ed a ser un emprendedor. Al principio en el sector de la formaci\u00f3n, impartiendo y gestionando cursos a nivel nacional sobre dise\u00f1o y c\u00e1lculo de instalaciones el\u00e9ctricas. Poco despu\u00e9s quise diversificar mi actividad profesional y me fui introduciendo en el campo de la consultor\u00eda de gesti\u00f3n empresarial. Por este motivo, m\u00e1s tarde, realic\u00e9 el M\u00e1ster Universitario en Ingenier\u00eda de Organizaci\u00f3n.<\/p>\n<p><!-- \/wp:paragraph --><\/p>\n<p><!-- wp:paragraph --><\/p>\n<p><!-- \/wp:paragraph --><\/p>\n\n<!-- wp:paragraph -->\n<p>Soy miembro de la comisi\u00f3n de trabajo de Lideraje empresarial y miembro de la subcomisi\u00f3n de Lideraje humano y transformador, del Colegio de Ingenieros Industriales de Catalu\u00f1a (Colegiado n\u00fam. 19325).<\/p>\n<!-- \/wp:paragraph -->\n\n<!-- wp:paragraph -->\n<p>Paralelamente a todo lo anterior, desde 2008 soy profesor asociado de la Universidad Polit\u00e9cnica de Catalu\u00f1a, impartiendo diversas asignaturas relacionadas con la gesti\u00f3n de proyectos.<\/p>\n<!-- \/wp:paragraph -->\n\n<!-- wp:paragraph -->\n<p><\/p>\n<!-- \/wp:paragraph -->","protected":false},"excerpt":{"rendered":"<p>ABETTRA Consulting, est\u00e1 ubicada en Sant Cugat del Vall\u00e8s (Barcelona), pero presta sus servicios por todo el territorio nacional. jlrodriguez@abettraconsulting.es Jos\u00e9 Luis Rodr\u00edguez Espantoso Algo sobre mi: Me considero un amante de la mejora continua, del progreso sostenible y del potencial del ser humano. En cuanto a mi formaci\u00f3n, soy M\u00e1ster Universitario en Ingenier\u00eda de [&hellip;]<\/p>\n","protected":false},"author":2,"featured_media":0,"parent":0,"menu_order":0,"comment_status":"closed","ping_status":"closed","template":"","meta":[],"_links":{"self":[{"href":"https:\/\/abettraconsulting.es\/index.php?rest_route=\/wp\/v2\/pages\/70"}],"collection":[{"href":"https:\/\/abettraconsulting.es\/index.php?rest_route=\/wp\/v2\/pages"}],"about":[{"href":"https:\/\/abettraconsulting.es\/index.php?rest_route=\/wp\/v2\/types\/page"}],"author":[{"embeddable":true,"href":"https:\/\/abettraconsulting.es\/index.php?rest_route=\/wp\/v2\/users\/2"}],"replies":[{"embeddable":true,"href":"https:\/\/abettraconsulting.es\/index.php?rest_route=%2Fwp%2Fv2%2Fcomments&post=70"}],"version-history":[{"count":42,"href":"https:\/\/abettraconsulting.es\/index.php?rest_route=\/wp\/v2\/pages\/70\/revisions"}],"predecessor-version":[{"id":467,"href":"https:\/\/abettraconsulting.es\/index.php?rest_route=\/wp\/v2\/pages\/70\/revisions\/467"}],"wp:attachment":[{"href":"https:\/\/abettraconsulting.es\/index.php?rest_route=%2Fwp%2Fv2%2Fmedia&parent=70"}],"curies":[{"name":"wp","href":"https:\/\/api.w.org\/{rel}","templated":true}]}}