{"id":4,"date":"2015-08-17T14:48:07","date_gmt":"2015-08-17T14:48:07","guid":{"rendered":"http:\/\/abettraconsulting.es\/?page_id=4"},"modified":"2022-01-20T08:35:35","modified_gmt":"2022-01-20T08:35:35","slug":"abettra-consulting","status":"publish","type":"page","link":"https:\/\/abettraconsulting.es\/?page_id=4","title":{"rendered":"MISI\u00d3N, VISI\u00d3N Y VALORES"},"content":{"rendered":"<p><strong>MISI\u00d3N<\/strong><\/p>\n<p>La Misi\u00f3n de <span style=\"color: #000080;\"><strong>ABETTRA Consulting<\/strong><\/span>, es ayudar a sus clientes a mejorar sus estrategias, organizaci\u00f3n, sistemas y procedimientos, siempre teniendo en cuenta el crecimiento sostenible y eficiente del cliente.<\/p>\n<p><strong>VISI\u00d3N<\/strong><\/p>\n<p>Para conseguir la misi\u00f3n anterior,\u00a0 <span style=\"color: #000080;\"><strong>ABETTRA Consulting<\/strong><\/span> considera que los servicios prestados han de adaptarse a las personas del cliente que recibir\u00e1n o utilizar\u00e1n los resultados del servicio suministrado (empleados, colaboradores, proveedores, etc.). Es decir, la tecnolog\u00eda, sistemas, procedimientos, etc., han de estar lo m\u00e1s adaptados posibles a las necesidades y caracter\u00edsticas del cliente.<\/p>\n<p><strong>VALORES<\/strong><\/p>\n<p>Los Valores fundamentales para <span style=\"color: #000080;\"><strong>ABETTRA Consulting<\/strong><\/span>, y que ser\u00e1n los que sirvan de gu\u00eda respecto al comportamiento de todas las partes, son:<\/p>\n<p>. Respeto<\/p>\n<p>. Integridad<\/p>\n<p>. Honradez<\/p>\n<p>. Sinceridad<\/p>\n<p>. Responsabilidad<\/p>\n<p><strong>\u00a0<\/strong><\/p>\n","protected":false},"excerpt":{"rendered":"<p>MISI\u00d3N La Misi\u00f3n de ABETTRA Consulting, es ayudar a sus clientes a mejorar sus estrategias, organizaci\u00f3n, sistemas y procedimientos, siempre teniendo en cuenta el crecimiento sostenible y eficiente del cliente. VISI\u00d3N Para conseguir la misi\u00f3n anterior,\u00a0 ABETTRA Consulting considera que los servicios prestados han de adaptarse a las personas del cliente que recibir\u00e1n o utilizar\u00e1n [&hellip;]<\/p>\n","protected":false},"author":2,"featured_media":0,"parent":0,"menu_order":0,"comment_status":"closed","ping_status":"closed","template":"","meta":[],"_links":{"self":[{"href":"https:\/\/abettraconsulting.es\/index.php?rest_route=\/wp\/v2\/pages\/4"}],"collection":[{"href":"https:\/\/abettraconsulting.es\/index.php?rest_route=\/wp\/v2\/pages"}],"about":[{"href":"https:\/\/abettraconsulting.es\/index.php?rest_route=\/wp\/v2\/types\/page"}],"author":[{"embeddable":true,"href":"https:\/\/abettraconsulting.es\/index.php?rest_route=\/wp\/v2\/users\/2"}],"replies":[{"embeddable":true,"href":"https:\/\/abettraconsulting.es\/index.php?rest_route=%2Fwp%2Fv2%2Fcomments&post=4"}],"version-history":[{"count":38,"href":"https:\/\/abettraconsulting.es\/index.php?rest_route=\/wp\/v2\/pages\/4\/revisions"}],"predecessor-version":[{"id":434,"href":"https:\/\/abettraconsulting.es\/index.php?rest_route=\/wp\/v2\/pages\/4\/revisions\/434"}],"wp:attachment":[{"href":"https:\/\/abettraconsulting.es\/index.php?rest_route=%2Fwp%2Fv2%2Fmedia&parent=4"}],"curies":[{"name":"wp","href":"https:\/\/api.w.org\/{rel}","templated":true}]}}